{"id":1945,"date":"2024-02-15T14:59:56","date_gmt":"2024-02-15T14:59:56","guid":{"rendered":"https:\/\/hdaf.ffri.hr\/?page_id=1945"},"modified":"2024-04-20T08:21:06","modified_gmt":"2024-04-20T08:21:06","slug":"prosli-upravni-odbori-past-steering-committees","status":"publish","type":"page","link":"https:\/\/hdaf.ffri.hr\/?page_id=1945","title":{"rendered":"Pro\u0161li upravni odbori\/Past steering committees"},"content":{"rendered":"<p><strong>The steering committee 2021-2023<\/strong><\/p>\n<p>Nenad Smokrovi\u0107 (University of Rijeka), President<\/p>\n<p>Du\u0161an Do\u017eudi\u0107 (Institute of Philosophy, Zagreb), Vice President<\/p>\n<p>David Gr\u010dki (University of Rijeka), Secretary<\/p>\n<p><strong>The steering committee 2019-2021<\/strong><\/p>\n<p>Nenad Smokrovi\u0107 (University of Rijeka), President<br \/>\nNeven Petrovi\u0107 (University of Rijeka), Vice President<br \/>\nIris Vidmar (University of Rijeka), secretary<br \/>\nNenad Smokrovi\u0107 (University of Rijeka), member<br \/>\nNeboj\u0161a Zeli\u010d (University of Rijeka), member<\/p>\n<p><strong>The steering committee 2017-2019<\/strong><\/p>\n<p>Boran Ber\u010di\u0107 (University of Rijeka), President<br \/>\nMarko Jurjako (University of Rijeka), Vice President<br \/>\nIris Vidmar (University of Rijeka), secretary<br \/>\nNenad Smokrovi\u0107 (University of Rijeka), member<br \/>\nNeboj\u0161a Zeli\u010d (University of Rijeka), member<\/p>\n<p><strong>The steering committee 2015-2017<\/strong><br \/>\nBoran Ber\u010di\u0107 (University of Rijeka), President<br \/>\nMarko Jurjako (University of Rijeka), Vice President<br \/>\nFilip \u010ce\u010d (University of Rijeka), secretary<br \/>\nNenad Smokrovi\u0107 (University of Rijeka), member<br \/>\nNeboj\u0161a Zeli\u010d (University of Rijeka), member<\/p>\n","protected":false},"excerpt":{"rendered":"<p>The steering committee 2021-2023 Nenad Smokrovi\u0107 (University of Rijeka), President Du\u0161an Do\u017eudi\u0107 (Institute of Philosophy, Zagreb), Vice President David Gr\u010dki (University of Rijeka), Secretary The steering committee 2019-2021 Nenad Smokrovi\u0107 (University of Rijeka), President Neven Petrovi\u0107 (University of Rijeka), Vice President Iris Vidmar (University of Rijeka), secretary Nenad Smokrovi\u0107 (University of Rijeka), member Neboj\u0161a Zeli\u010d (University of Rijeka), member The<\/p>\n","protected":false},"author":2,"featured_media":0,"parent":17,"menu_order":1,"comment_status":"closed","ping_status":"closed","template":"","meta":{"_exactmetrics_skip_tracking":false,"_exactmetrics_sitenote_active":false,"_exactmetrics_sitenote_note":"","_exactmetrics_sitenote_category":0,"footnotes":""},"class_list":["post-1945","page","type-page","status-publish","hentry"],"_links":{"self":[{"href":"https:\/\/hdaf.ffri.hr\/index.php?rest_route=\/wp\/v2\/pages\/1945","targetHints":{"allow":["GET"]}}],"collection":[{"href":"https:\/\/hdaf.ffri.hr\/index.php?rest_route=\/wp\/v2\/pages"}],"about":[{"href":"https:\/\/hdaf.ffri.hr\/index.php?rest_route=\/wp\/v2\/types\/page"}],"author":[{"embeddable":true,"href":"https:\/\/hdaf.ffri.hr\/index.php?rest_route=\/wp\/v2\/users\/2"}],"replies":[{"embeddable":true,"href":"https:\/\/hdaf.ffri.hr\/index.php?rest_route=%2Fwp%2Fv2%2Fcomments&post=1945"}],"version-history":[{"count":2,"href":"https:\/\/hdaf.ffri.hr\/index.php?rest_route=\/wp\/v2\/pages\/1945\/revisions"}],"predecessor-version":[{"id":1949,"href":"https:\/\/hdaf.ffri.hr\/index.php?rest_route=\/wp\/v2\/pages\/1945\/revisions\/1949"}],"up":[{"embeddable":true,"href":"https:\/\/hdaf.ffri.hr\/index.php?rest_route=\/wp\/v2\/pages\/17"}],"wp:attachment":[{"href":"https:\/\/hdaf.ffri.hr\/index.php?rest_route=%2Fwp%2Fv2%2Fmedia&parent=1945"}],"curies":[{"name":"wp","href":"https:\/\/api.w.org\/{rel}","templated":true}]}}